uppose 0 = u*y - 81 - 216. Suppose 3*k = 6, -s + 0*s = -5*k + 1. Calculate the greatest common factor of y and s.
9
Suppose -3*v + 4*v = 0. Suppose -2*p - 382 = -v*p. Let a = -110 - p. Calculate the greatest common factor of a and 9.
9
Suppose 0 = -5*x - 15, -4*r - 3*x + 23 = -0*x. What is the greatest common factor of 24 and r?
8
Suppose -5*s + 0*s + 4 = -3*o, -3*o - 5*s + 16 = 0. Suppose o*w + 16 = 2*l, -2*l + 54 = l + 3*w. What is the highest common factor of 78 and l?
13
Let w = 1 - -3. Suppose -w*l + 17 = -39. Calculate the greatest common divisor of 98 and l.
14
Let l = -118 - -187. Let i(j) = 38*j + 1. Let p be i(4). Let s = p - l. Calculate the greatest common factor of 21 and s.
21
Let p(l) = l**2 + 5*l - 3. Suppose k + 7 = -0. Let i be p(k). Calculate the highest common divisor of i and 55.
11
Suppose 0 = -5*s + 2*s + 210. Suppose s = 5*x - 0. Calculate the highest common factor of 35 and x.
7
Suppose 2*p - 124 = 2*d, -2*p - d + 109 = -0*d. Suppose 3 + p = 4*i. What is the highest common factor of i and 15?
15
Let w be 3 + (-3)/(-2 + 5). Suppose 2*a = 3*a + w*k - 20, -4*a + 28 = -5*k. Calculate the greatest common divisor of a and 108.
12
Let n(r) = r**2 - 4*r - 2. Let x be n(6). Let s = -86 - -96. Calculate the greatest common factor of s and x.
10
Let o be 6/3 - -138 - 0. Suppose w + 0*h - 70 = -h, 2*w - o = -h. What is the greatest common factor of w and 10?
10
Let m(l) = l**2 - l. Let k be m(1). Let w = 4 + k. What is the greatest common divisor of w and 12?
4
Let h = 324 + -169. Calculate the greatest common divisor of h and 31.
31
Let t = 206 - 192. What is the greatest common factor of 63 and t?
7
Suppose -2*s + 1 + 1 = 0. Let h be 2 + 0/(-2 + s). What is the highest common divisor of 6 and h?
2
Let u = 2 - -5. Suppose 3*s = u*s - 28. Suppose -4*v + 29 = -h + 86, 82 = h + v. What is the greatest common divisor of s and h?
7
Let z = 16 + -3. Let l(n) = 5*n**2 - 4*n - 1. Let b be l(5). Calculate the greatest common divisor of z and b.
13
Suppose 4*y + 8 = j - 23, -5*y = j + 14. What is the highest common divisor of j and 55?
11
Let b be (17/(-51))/(2/(-78)). What is the greatest common factor of 39 and b?
13
Let p(j) = 7*j + 0*j**2 + 0 - j**2 - 6. Let u be p(5). Suppose -3*i - 2 = -a - 1, 5*i - 73 = -3*a. What is the highest common factor of a and u?
4
Let i = 1 - -19. Suppose 5*l = 3*l - i. Let c = 19 + l. What is the greatest common factor of c and 9?
9
Let a = -1 + -4. Let s(c) = c**2 - 3*c - 5. Let j be s(a). Suppose -3*m = 5*m - 40. What is the greatest common factor of j and m?
5
Suppose -157 = -6*k + 77. Let p = 27 + -1. What is the highest common divisor of p and k?
13
Let d(s) = s**2 + 2*s - 6. Let f be d(-5). Let p = -3 - -4. Let b be 6*(62/4 + p). What is the highest common divisor of f and b?
9
Let l = 14 + -12. Suppose -3*t = -l*o - 94, 5*o - 163 = -5*t + 2*o. Calculate the greatest common factor of 16 and t.
16
Suppose -17*r - 1188 = -21*r. What is the highest common factor of r and 33?
33
Let p be 4/(-6) - 490/(-6). Suppose h + 2*h - p = 0. Suppose -h = -3*a + 9. What is the highest common factor of 96 and a?
12
Let i(z) = -2*z - 12. Let p be i(-7). What is the greatest common factor of 4 and p?
2
Let r be (-3)/((-18)/4)*18. Let q(c) = 14*c - 78. Let u be q(15). What is the greatest common factor of u and r?
12
Suppose 2*y - 4 = -2*y. Suppose -5*q - 4 = -6*q. Let j be 6/q - y/(-2). Calculate the greatest common divisor of 4 and j.
2
Suppose 5*s = -733 + 78. Let t = -55 - s. What is the highest common divisor of t and 19?
19
Suppose 0 = -3*w + 2*w + 12. Let g = w - 4. Calculate the highest common divisor of 1 and g.
1
Let n be (-297)/2*4/(-3). Suppose 5*a - 120 = -4*s, 4*a + 3*s - 80 = 15. Let m be -1 - (3 + -6 - a). What is the greatest common divisor of m and n?
22
Let r = -364 + 625. What is the highest common factor of r and 29?
29
Let z be (-714)/(-4)*(0 + 2). Suppose -2*w - 3*w + 5*l + 10 = 0, -2*l = -2. Suppose w*m - z + 33 = 0. Calculate the greatest common factor of 12 and m.
12
Let u = 6 - 6. Suppose u = 2*z - l - 12 - 1, 5*l = 2*z + 7. Calculate the greatest common divisor of 18 and z.
9
Let y(j) = -7*j + 7. Let t be y(5). Let k = t + 56. Let v = k + -4. Calculate the greatest common divisor of v and 36.
12
Suppose 22 = k + v, 3*k - 2*v - 60 = v. What is the highest common divisor of k and 14?
7
Let f be (6/4)/((-2)/(-12)). Calculate the highest common divisor of 36 and f.
9
Let w = 9 + -9. Suppose 0 = u - w - 4. Calculate the highest common factor of u and 8.
4
Let c(r) = 2*r + 1. Let n be c(4). Calculate the greatest common divisor of 9 and n.
9
Let l be -2 + 18 - 1 - -2. Suppose 0 = -2*x - 5*u + l + 28, 5*x + u = 170. Let y(w) = -8*w - 25. Let f be y(-4). What is the highest common divisor of x and f?
7
Let h(k) = k**2 + k - 8. Let d be h(-8). What is the highest common factor of d and 192?
48
Let o = -12 - -26. What is the greatest common factor of 154 and o?
14
Let i be (-1)/(-3) + (-34)/(-6). Let k(g) = -g + 1. Let j = -11 + 9. Let c be k(j). Calculate the greatest common divisor of i and c.
3
Let w(o) = -o - 1. Let t be w(-5). Suppose t*z + 5*g - 9 = 0, 2*z - 3*z - 6 = 4*g. Calculate the greatest common divisor of 6 and z.
6
Let q(g) = -g**2 + 13*g + 12. Let y be q(13). Calculate the greatest common divisor of 3 and y.
3
Suppose -4*p + 53 + 23 = 0. Let a = 28 - p. What is the greatest common factor of 81 and a?
9
Let h(c) = c**3 + 4*c**2 - 7*c - 6. Let r be h(-5). Suppose -r*a + 85 = -11. Calculate the greatest common factor of a and 60.
12
Let q be (-3 + -1*4)/1. Let g = q - -12. Suppose 9 = -2*l + g*l. What is the greatest common divisor of l and 1?
1
Suppose 7*l = 2*l + 75. Calculate the highest common factor of 10 and l.
5
Let j be 119/1 - ((-10)/5 + 4). Calculate the highest common factor of 13 and j.
13
Let f(q) be the third derivative of q**5/60 + q**4/8 - q**3/3 + 2*q**2. Let c be f(-4). Let l be 21 + c/4*-2. Calculate the highest common divisor of l and 4.
4
Let z be (-272)/(-20) + 2/5. What is the greatest common factor of 42 and z?
14
Let x = 8 - 5. Suppose 3*z - 78 = 3*w, 2*z - 57 + 3 = x*w. Calculate the highest common divisor of 3 and z.
3
Let k(a) = 12*a + 1. Let y be k(-2). Let f = -14 - y. Let t be (-3)/(-1)*1/3. Calculate the greatest common factor of f and t.
1
Let a(p) = 2*p - 2*p**3 + 4*p - 4 - 3*p**2 + 5*p**3 - 2*p**3. Let d be a(4). Calculate the highest common factor of 4 and d.
4
Suppose -3*t + 65 = 8. Let l = 39 + 37. What is the highest common divisor of t and l?
19
Let v(z) = z**3 + 7*z**2 - 4. Let m be v(-6). Let t be 1 - ((0 - -3) + -10). What is the greatest common divisor of m and t?
8
Suppose 14*g - 16*g + 108 = 0. Suppose 4*r - 143 = -d, -3*r = -2*d - 54 - 56. Calculate the highest common factor of r and g.
18
Let c be ((-12)/5)/(1/(-5)). Let u be 2/(-10) + (-26)/(-5). Suppose -u*i + 658 = 2*f, -f + 724 = 4*i + 197. Calculate the greatest common factor of i and c.
12
Suppose 3*t + 2 = 14. Let m = t + 1. Suppose -3*u = -2*i - 258, -m*i + 69 = u - 0*u. What is the highest common divisor of u and 12?
12
Let r(d) = d**2 + d + 6. Let p be r(0). Suppose 4*v = 6*v - 132. What is the highest common factor of p and v?
6
Let w(s) = -s**3 + 6*s**2 + 1. Let a be w(6). Calculate the greatest common divisor of 5 and a.
1
Let u be (-3 - -4)/((-2)/(-142)). Let n = -29 + u. What is the highest common divisor of n and 63?
21
Let r = 9 + -13. Let k be 10/(-1 - (r - -2)). Let l = k - 0. What is the greatest common divisor of 10 and l?
10
Let u(b) = b + 1. Let h be u(1). Let l(f) = f**3 - 7*f**2 + 11*f + 7. Let x be l(9). Suppose 2 - x = -h*k. Calculate the greatest common factor of k and 19.
19
Suppose 0*u - 2*u - 4*v + 14 = 0, -2*u = -2*v - 2. Suppose j + u*q = 12, 3*j + 3*q = -0*j + 36. Calculate the highest common divisor of 108 and j.
12
Suppose 99 = 15*f - 12*f. Let u(q) = q**3 + q**2 + q - 18. Let p be u(0). Let n = p + f. What is the greatest common divisor of 120 and n?
15
Suppose 5*y - 183 = 3*a, 2*y - 143 = -2*y - a. Let c = -22 - -46. What is the greatest common factor of c and y?
12
Let i(s) = s**2 - 5. Let u be i(-3). Suppose 0 = u*h + 5*c + 8, -3 = -5*h - c - 2*c. Calculate the highest common factor of h and 27.
3
Let h(q) = 39*q**3 - 4*q**2 + 2*q + 1. Let j be h(1